{"id":2,"date":"2020-06-03T16:44:51","date_gmt":"2020-06-03T14:44:51","guid":{"rendered":"http:\/\/localhost:8888\/visitevirtuelle%202020\/?page_id=2"},"modified":"2020-06-30T16:21:27","modified_gmt":"2020-06-30T14:21:27","slug":"page-d-exemple","status":"publish","type":"page","link":"http:\/\/www.visitevirtuelle-360.com\/index.php\/page-d-exemple\/","title":{"rendered":"Les visites virtuelles"},"content":{"rendered":"\n<p>Ic\u00f4ne-Graphique vous propose une technologie \u00e9l\u00e9gante et qualitative destin\u00e9e \u00e0 pr\u00e9senter un site ou des objets de mani\u00e8re saisissante: dans un environnement 3D panoramique et 100% interactif , le parcours du visiteur se fait&nbsp; non seulement de gauche \u00e0 droite et en profondeur, mais aussi et surtout en tr\u00e8s haute d\u00e9finition sur les d\u00e9tails de la sc\u00e8ne, quel que soit le r\u00e9glage du niveau de zoom.<br><br>Vous \u00eates responsable d&rsquo;un mus\u00e9e, d&rsquo;une exposition ? vous souhaitez offrir aux internautes une vision d\u00e9taill\u00e9e de vos lieux d&rsquo;expositions et des collections pr\u00e9sent\u00e9es ?<br><br>Vous \u00eates responsable d&rsquo;entreprise ? Vous souhaitez que vos clients puissent d\u00e9couvrir un panoramique spectaculaire de vos sites, produits, installations, r\u00e9alisations ?<br><br>Vous souhaitez que vos fournisseurs et partenaires puissent&nbsp; appr\u00e9cier \u00e0 distance vos chaines de production et environnements de travail ?<br><br>Avec les r\u00e9alisations 3D-HD d&rsquo;Ic\u00f4ne-Graphique, vous pouvez en outre afficher des zones d&rsquo;informations en surimpression sur le d\u00e9cor de vos expos ou productions.<br><br>Les sc\u00e8nes 3D sont disponibles sur tablette et smartphone et peuvent \u00e9galement \u00eatre incorpor\u00e9es dans des bornes interactives.<br><br>Gr\u00e2ce \u00e0 la technologie d\u00e9velopp\u00e9e par Ic\u00f4ne-Graphique, les panoramiques 3D s&rsquo;\u00e9loignent du gadget pour devenir une r\u00e9elle vitrine de travail et de promotion.<\/p>\n\n\n\n<p>Visite virtuelle en HTML5 , Plan interactif, On line et Off line.<\/p>\n\n\n\n<p><strong>Compatibilit\u00e9s<\/strong> : La visite virtuelle est compatible avec tous les supports dits On et OFF Line, DVD, clef USB, Internet.<br><strong>Technologie et caract\u00e9ristiques :<\/strong> Panoramas 360\u00b0 en haute d\u00e9finition. Commentaires audio. Musique ou bruits d\u2019ambiance.<br>Cartes et plans interactifs. Affichage en plein \u00e9cran. Vue immersive du sol au plafond.<br><strong>Plugins\/Langage<\/strong> :Sans Plugins et langage HTML5&nbsp;<br><strong>Mat\u00e9riels \/ Syst\u00e8mes<\/strong> : iPad, iPhone, toutes les tablettes, Smartphone, Android, Mac, PC&#8230;<br><\/p>\n\n\n\n<p><strong>Lyon : <\/strong>18 Avenue Jean Jaur\u00e8s 69007 Lyon<br>T\u00e9l : 04 78 58 26 51- Mail : <a href=\"mailto:info@icone-graphique.com\">info@icone-graphique.com<\/a><\/p>\n\n\n\n<p><strong>Lausanne : <\/strong>Chemin de Treyblanc 4 1006 Lausanne<br>T\u00e9l : +41 78 857 16 42 &#8211; Mail : <a href=\"mailto:info@icone-graphique.com\">info@icone-graphique.com<\/a><\/p>\n\n\n\n<blockquote class=\"wp-block-quote is-layout-flow wp-block-quote-is-layout-flow\"><p><\/p><\/blockquote>\n\n\n\n<p><\/p>\n\n\n\n<blockquote class=\"wp-block-quote is-layout-flow wp-block-quote-is-layout-flow\"><p><\/p><\/blockquote>\n","protected":false},"excerpt":{"rendered":"<p>Ic\u00f4ne-Graphique vous propose une technologie \u00e9l\u00e9gante et qualitative destin\u00e9e \u00e0 pr\u00e9senter un site ou des objets de mani\u00e8re saisissante: dans un environnement 3D panoramique et 100% interactif , le parcours du visiteur se fait&nbsp; non seulement de gauche \u00e0 droite et en profondeur, mais aussi et surtout en tr\u00e8s haute d\u00e9finition sur les d\u00e9tails de [&hellip;]<\/p>\n","protected":false},"author":1,"featured_media":0,"parent":0,"menu_order":0,"comment_status":"closed","ping_status":"open","template":"","meta":{"footnotes":""},"class_list":["post-2","page","type-page","status-publish","hentry"],"_links":{"self":[{"href":"http:\/\/www.visitevirtuelle-360.com\/index.php\/wp-json\/wp\/v2\/pages\/2","targetHints":{"allow":["GET"]}}],"collection":[{"href":"http:\/\/www.visitevirtuelle-360.com\/index.php\/wp-json\/wp\/v2\/pages"}],"about":[{"href":"http:\/\/www.visitevirtuelle-360.com\/index.php\/wp-json\/wp\/v2\/types\/page"}],"author":[{"embeddable":true,"href":"http:\/\/www.visitevirtuelle-360.com\/index.php\/wp-json\/wp\/v2\/users\/1"}],"replies":[{"embeddable":true,"href":"http:\/\/www.visitevirtuelle-360.com\/index.php\/wp-json\/wp\/v2\/comments?post=2"}],"version-history":[{"count":1,"href":"http:\/\/www.visitevirtuelle-360.com\/index.php\/wp-json\/wp\/v2\/pages\/2\/revisions"}],"predecessor-version":[{"id":326,"href":"http:\/\/www.visitevirtuelle-360.com\/index.php\/wp-json\/wp\/v2\/pages\/2\/revisions\/326"}],"wp:attachment":[{"href":"http:\/\/www.visitevirtuelle-360.com\/index.php\/wp-json\/wp\/v2\/media?parent=2"}],"curies":[{"name":"wp","href":"https:\/\/api.w.org\/{rel}","templated":true}]}}